{"id":2802,"date":"2019-03-12T23:18:42","date_gmt":"2019-03-12T23:18:42","guid":{"rendered":"https:\/\/www.clients.datlysolutions.com\/?page_id=2802"},"modified":"2019-06-19T05:35:18","modified_gmt":"2019-06-19T05:35:18","slug":"hasta-lo-ultimo-de-la-tierra","status":"publish","type":"page","link":"https:\/\/tabernaculo.net\/store\/hasta-lo-ultimo-de-la-tierra\/","title":{"rendered":"Hasta Lo Ultimo de La Tierra"},"content":{"rendered":"<p>[vc_row][vc_column][vc_column_text]<a href=\"https:\/\/www.clients.datlysolutions.com\/wp-content\/uploads\/2019\/01\/hasta-lo-ultimo-page-1.jpg\"><img loading=\"lazy\" decoding=\"async\" class=\"alignnone wp-image-2806 size-full\" src=\"https:\/\/www.clients.datlysolutions.com\/wp-content\/uploads\/2019\/01\/hasta-lo-ultimo-page-1.jpg\" alt=\"\" width=\"1600\" height=\"900\" srcset=\"https:\/\/tabernaculo.net\/store\/wp-content\/uploads\/2019\/01\/hasta-lo-ultimo-page-1.jpg 1600w, https:\/\/tabernaculo.net\/store\/wp-content\/uploads\/2019\/01\/hasta-lo-ultimo-page-1-400x225.jpg 400w, https:\/\/tabernaculo.net\/store\/wp-content\/uploads\/2019\/01\/hasta-lo-ultimo-page-1-300x169.jpg 300w, https:\/\/tabernaculo.net\/store\/wp-content\/uploads\/2019\/01\/hasta-lo-ultimo-page-1-768x432.jpg 768w, https:\/\/tabernaculo.net\/store\/wp-content\/uploads\/2019\/01\/hasta-lo-ultimo-page-1-1024x576.jpg 1024w\" sizes=\"auto, (max-width: 1600px) 100vw, 1600px\" \/><\/a>[\/vc_column_text][\/vc_column][\/vc_row][vc_row][vc_column][vc_cta h2=\u00bbNuestro compromiso es llevar la Palabra de Dios hasta lo ultimo de la tierra!!!\u00bb add_button=\u00bbbottom\u00bb btn_title=\u00bbDONAR\u00bb btn_shape=\u00bbsquare\u00bb btn_color=\u00bbgreen\u00bb btn_link=\u00bburl:http%3A%2F%2Ftabernaculo.net%2Fstore%2Fproduct%2Fhasta-lo-ultimo-de-la-tierra%2F|||\u00bb]<\/p>\n<p>Este 2019 hemos lanzado el proyecto \u00abUn templo por mes\u00bb que se llevar\u00e1 a cabo en diferentes lugares de El Salvador, con el objetivo de llevar el Evangelio hasta lo ultimo de la tierra.<\/p>\n<p>Con esta donaci\u00f3n estas ayudando a la construcci\u00f3n de 12 templos y esto ser\u00e1 posible gracia a tus aportes y oraciones de un pueblo comprometido con el mandato de Jes\u00fas: \u00abIr y predicar el Evangelio\u00bb<\/p>\n<p>Puedes donar haciendo <a href=\"http:\/\/tabernaculo.net\/store\/product\/hasta-lo-ultimo-de-la-tierra\/\">click aqui<\/a><\/p><p>&nbsp;<\/p>\n<p>[\/vc_cta][\/vc_column][\/vc_row]<\/p>","protected":false},"excerpt":{"rendered":"<p>[vc_row][vc_column][vc_column_text][\/vc_column_text][\/vc_column][\/vc_row][vc_row][vc_column][vc_cta h2=\u00bbNuestro compromiso es llevar la Palabra de Dios hasta lo ultimo de la tierra!!!\u00bb add_button=\u00bbbottom\u00bb btn_title=\u00bbDONAR\u00bb btn_shape=\u00bbsquare\u00bb btn_color=\u00bbgreen\u00bb btn_link=\u00bburl:http%3A%2F%2Ftabernaculo.net%2Fstore%2Fproduct%2Fhasta-lo-ultimo-de-la-tierra%2F|||\u00bb] Este 2019 hemos lanzado el proyecto \u00abUn templo por mes\u00bb que se llevar\u00e1 a cabo en diferentes lugares de El Salvador, con el objetivo de llevar el Evangelio hasta lo ultimo de la tierra. Con &hellip; <br \/><a href=\"https:\/\/tabernaculo.net\/store\/hasta-lo-ultimo-de-la-tierra\/\" class=\"more-link\">Continue reading <span class=\"screen-reader-text\">Hasta Lo Ultimo de La Tierra<\/span><\/a><\/p>\n","protected":false},"author":1,"featured_media":0,"parent":0,"menu_order":0,"comment_status":"closed","ping_status":"closed","template":"","meta":{"footnotes":""},"class_list":["post-2802","page","type-page","status-publish","hentry"],"_links":{"self":[{"href":"https:\/\/tabernaculo.net\/store\/wp-json\/wp\/v2\/pages\/2802","targetHints":{"allow":["GET"]}}],"collection":[{"href":"https:\/\/tabernaculo.net\/store\/wp-json\/wp\/v2\/pages"}],"about":[{"href":"https:\/\/tabernaculo.net\/store\/wp-json\/wp\/v2\/types\/page"}],"author":[{"embeddable":true,"href":"https:\/\/tabernaculo.net\/store\/wp-json\/wp\/v2\/users\/1"}],"replies":[{"embeddable":true,"href":"https:\/\/tabernaculo.net\/store\/wp-json\/wp\/v2\/comments?post=2802"}],"version-history":[{"count":5,"href":"https:\/\/tabernaculo.net\/store\/wp-json\/wp\/v2\/pages\/2802\/revisions"}],"predecessor-version":[{"id":2925,"href":"https:\/\/tabernaculo.net\/store\/wp-json\/wp\/v2\/pages\/2802\/revisions\/2925"}],"wp:attachment":[{"href":"https:\/\/tabernaculo.net\/store\/wp-json\/wp\/v2\/media?parent=2802"}],"curies":[{"name":"wp","href":"https:\/\/api.w.org\/{rel}","templated":true}]}}